
True
Is 23167639 a composite number?
True
Is 13702309 a composite number?
True
Is 360089 prime?
True
Is 9084031 composite?
True
Is 223148503 prime?
True
Is 76818397 a composite number?
False
Is 1695233 composite?
False
Is 12472277 prime?
True
Is 27842203 prime?
True
Is 3521159 prime?
False
Is 11136079 composite?
False
Is 14888701 prime?
True
Is 686243 prime?
False
Is 128584633 composite?
False
Is 2976053 prime?
True
Is 4048673 a prime number?
True
Is 10190857 a prime number?
True
Is 1893347 composite?
False
Is 3340011 a prime number?
False
Is 54704451 a composite number?
True
Is 1366861 composite?
False
Is 554713 a prime number?
False
Is 28916191 prime?
True
Is 2397317 a composite number?
True
Is 750751511 a composite number?
False
Is 248563 composite?
True
Is 55648393 composite?
True
Is 1769951 prime?
False
Is 7393433 a prime number?
True
Is 3337447 prime?
True
Is 446819 a prime number?
True
Is 59455981 composite?
True
Is 38362889 a composite number?
False
Is 545251 composite?
True
Is 1542737 composite?
True
Is 2612213 a composite number?
True
Is 39421363 a composite number?
False
Is 152843963 a prime number?
False
Is 10081511 a composite number?
True
Is 10639849 prime?
False
Is 67875889 a prime number?
True
Is 25980463 composite?
False
Is 14633699 a prime number?
True
Is 8204167 composite?
False
Is 553789 prime?
True
Is 398824663 composite?
False
Is 84458843 a prime number?
False
Is 463207 prime?
True
Is 16778173 a composite number?
False
Is 2670698 prime?
False
Is 184779257 a composite number?
True
Is 1443983 prime?
False
Is 40779763 a prime number?
False
Is 23229637 prime?
False
Is 6459049 composite?
False
Is 2526549 composite?
True
Is 11366791 composite?
False
Is 376699 a composite number?
False
Is 76002621 a prime number?
False
Is 6331571 a prime number?
True
Is 175391 composite?
False
Is 1037327 a composite number?
False
Is 1336091 a prime number?
True
Is 1082405 prime?
False
Is 279977 prime?
True
Is 152306158 a prime number?
False
Is 15332585 a prime number?
False
Is 1098269 a prime number?
True
Is 3295801 a composite number?
True
Is 26249573 a composite number?
True
Is 111803 composite?
True
Is 723257 a prime number?
True
Is 197773861 prime?
True
Is 3634654 a prime number?
False
Is 640088447 prime?
False
Is 42861521 composite?
True
Is 97571659 a composite number?
False
Is 2050261 a composite number?
False
Is 89018747 prime?
False
Is 664073027 composite?
False
Is 4281362 a prime number?
False
Is 13113874 a composite number?
True
Is 7311149 a prime number?
True
Is 1489711 a prime number?
False
Is 83873677 a composite number?
False
Is 9241549 a prime number?
True
Is 1099459 prime?
True
Is 122500787 a prime number?
True
Is 67818299 a composite number?
True
Is 74328146 composite?
True
Is 33453769 a composite number?
False
Is 260181343 prime?
True
Is 47727833 prime?
False
Is 2442289 composite?
False
Is 4834723 composite?
False
Is 117805321 composite?
False
Is 20664451 prime?
False
Is 36621818 composite?
True
Is 42336361 composite?
False
Is 2524637 a prime number?
True
Is 14082997 prime?
True
Is 1972669 a prime number?
True
Is 7751963 prime?
True
Is 21905633 a composite number?
True
Is 12704163 composite?
True
Is 37264021 prime?
True
Is 800861 a composite number?
False
Is 8749549 a prime number?
True
Is 1537847 composite?
False
Is 222729407 a prime number?
True
Is 15123457 composite?
False
Is 121029203 a composite number?
True
Is 42961357 prime?
False
Is 108877381 a prime number?
True
Is 83417423 prime?
True
Is 243886271 a composite number?
True
Is 6439915 composite?
True
Is 648673001 prime?
True
Is 2714807 a composite number?
False
Is 195674423 prime?
False
Is 7170511 a prime number?
False
Is 44650911 a composite number?
True
Is 4201691 a composite number?
True
Is 150492163 composite?
True
Is 3294527 composite?
False
Is 1074461 prime?
True
Is 20881873 composite?
False
Is 3566513 a prime number?
True
Is 727211 composite?
False
Is 5484151 a prime number?
False
Is 479862619 a prime number?
True
Is 3999227 composite?
True
Is 350843 a composite number?
False
Is 34090891 a composite number?
True
Is 11449267 composite?
True
Is 5720521 a composite number?
True
Is 9668437 a prime number?
False
Is 1527151 composite?
True
Is 108492421 a composite number?
False
Is 328606007 a composite number?
True
Is 42444079 composite?
False
Is 14259013 prime?
True
Is 58883351 composite?
False
Is 3582967 a prime number?
True
Is 62424343 a composite number?
False
Is 11488471 composite?
False
Is 810289237 a prime number?
True
Is 213824099 a composite number?
False
Is 9310901 a prime number?
True
Is 175261237 a composite number?
False
Is 6416639 composite?
True
Is 10481381 a composite number?
False
Is 342791 composite?
False
Is 1589881 prime?
True
Is 3133061 composite?
True
Is 104235157 a prime number?
False
Is 9347729 a composite number?
True
Is 1195889 a composite number?
True
Is 7124837 a prime number?
False
Is 169465429 prime?
False
Is 2303663 composite?
False
Is 804049 a composite number?
True
Is 7638955 a prime number?
False
Is 9150145 prime?
False
Is 8268389 a prime number?
True
Is 53860589 a prime number?
True
Is 24221411 a prime number?
True
Is 15037454 a prime number?
False
Is 179589 prime?
False
Is 163631291 a prime number?
True
Is 1356037 composite?
False
Is 32406587 a prime number?
True
Is 27163427 composite?
True
Is 5904791 prime?
True
Is 12965957 a composite number?
False
Is 784891 prime?
False
Is 1710374 a prime number?
False
Is 125527 a prime number?
True
Is 3034322 a composite number?
True
Is 90352061 a prime number?
True
Is 21983497 a composite number?
True
Is 14282981 a composite number?
True
Is 50899063 composite?
False
Is 106990591 composite?
False
Is 35733917 a composite number?
True
Is 876665 a composite number?
True
Is 37345627 composite?
True
Is 6668549 a composite number?
False
Is 1290095 a prime number?
False
Is 333562 prime?
False
Is 618785 prime?
False
Is 5626693 a prime number?
True
Is 26990923 composite?
False
Is 27831953 a composite number?
True
Is 91630983 prime?
False
Is 7055021 prime?
True
Is 205491067 composite?
True
Is 53115934 prime?
False
Is 4552089 a composite number?
True
Is 376732007 composite?
True
Is 9986671 prime?
False
Is 98122129 a prime number?
False
Is 22715579 a composite number?
True
Is 8833003 a prime number?
True
Is 99129963 prime?
False
Is 2140001 prime?
True
Is 88269 prime?
False
Is 2998631 a prime number?
True
Is 42157631 a prime number?
False
Is 12828359 prime?
False
Is 11701949 prime?
False
Is 681972509 composite?
False
Is 3315349 composite?
False
Is 860831 a prime number?
False
Is 17468321 prime?
False
Is 2145473 a composite number?
True
Is 139572659 a composite number?
False
Is 29799131 a composite number?
False
Is 1835345 prime?
False
Is 18947 a composite number?
False
Is 1155061 a composite number?
False
Is 1652117 composite?
True
Is 17414729 a composite number?
False
Is 24035953 a composite number?
False
Is 37714151 a prime number?
True
Is 486142619 prime?
False
Is 15140201 prime?
True
Is 134366811 prime?
False
Is 13921123 prime?
True
Is 1177231 a prime number?
False
Is 553253791 a prime number?
True
Is 1012809999 composite?
True
Is 27735567 prime?
False
Is 583183394 a composite number?
True
Is 33808757 a composite number?
False
Is 1826003 prime?
True
Is 60647101 a prime number?
False
Is 694523 a prime number?
True
Is 66167 a composite number?
True
Is 161292523 prime?
False
Is 34031321 a composite number?
True
Is 34864673 a prime number?
True
Is 71601287 prime?
False
Is 909851 a composite number?
True
Is 1350129349 a prime number?
True
Is 43842119 a composite number?
False
Is 68054381 a composite number?
True
Is 1958029 a prime number?
True
Is 412003099 prime?
False
Is 2736257 a prime number?
True
Is 48197377 prime?
True
Is 6618985 a composite number?
True
Is 5484233 a composite number?
False
Is 425448731 a prime number?
False
Is 29605297 composite?
False
Is 23745851 composite?
False
Is 77047583 composite?
False
Is 808685335 prime?
False
Is 25809461 prime?
False
Is 345385459 a composite number?
False
Is 811782211 composite?
True
Is 33785683 composite?
True
Is 71369371 a prime number?
True
Is 565759879 a prime number?
False
Is 3789583 a prime number?
False
Is 33933985 a composite number?
True
Is 252792